 183. Let i(g) = 3*g + 7. Suppose -22*z = -17*z - 15. Let a be i(z). Calculate the highest common divisor of a and m.
16
Suppose 14*g = -15*g + 638. Suppose 3880 = g*h - 80. What is the highest common divisor of 300 and h?
60
Let g(y) = 20*y - 241. Let j be g(12). Let t be (j/3)/((-13247)/(-1326) + -10). Let o = 370 - 200. What is the highest common divisor of t and o?
34
Suppose 15*s - 11800 = 3*s + 2*s. Calculate the greatest common divisor of 8 and s.
4
Let d be 4469/(-17) - (-6)/(-51) - 0. Let m = d + 265. What is the greatest common divisor of m and 5?
1
Suppose 19 = 2*a - 3*q - 15, -a = -5*q + 4. What is the greatest common factor of a and 4251?
13
Suppose 24*i - 31*i = -385. Let n be (-4 - -18)*i/10. Suppose n = r - 43. Calculate the greatest common divisor of r and 30.
30
Suppose -5*x + 598 = 143. Suppose x*i - 82*i = 432. What is the greatest common factor of 16 and i?
16
Let v(o) = o**2 - 6*o + 1. Let n be v(7). Let y = n + -8. Suppose j - 43 = -y*m + 3*m, 0 = j - m - 33. Calculate the highest common factor of j and 4.
4
Let c be (-2)/(-18) + ((-9112)/(-36))/17. Let j be 330/c - (-3 - (-1 - 1)). Calculate the greatest common divisor of 92 and j.
23
Let i = -583 - 484. Let t = i - -1534. Let q = t - 302. What is the greatest common factor of q and 15?
15
Let j = 58 - 35. Suppose 160 + 74 = -2*q. Let g = 232 + q. What is the greatest common factor of j and g?
23
Let l be 958 - (0 - -4)*1. What is the highest common divisor of 6 and l?
6
Suppose -2*p = 4*g - 50, 3*g - 172 = -3*p - 142. What is the greatest common factor of g and 2620?
5
Let d be 8 + 165 + 4/(-2)*1. Suppose -6 = 4*r - 82. Suppose 2*n = n + r. Calculate the highest common factor of d and n.
19
Let p = -433 - -637. Suppose -2*r - 5*c - 108 + 312 = 0, 2*r - 4*c = p. What is the highest common factor of r and 34?
34
Suppose 3*i = 3*h - 12, 5*i - h + 8 = -32. Let v be (-24)/i*27/6. What is the greatest common divisor of 2 and v?
2
Let u(k) = -k**2 - 24*k + 93. Let s be u(-24). Let j(m) = 2*m**2 - 3*m + 4. Let w be j(-3). Calculate the greatest common divisor of s and w.
31
Suppose 1268 = 3*a + 2*r, -653 - 187 = -2*a - 4*r. Calculate the greatest common divisor of 40 and a.
8
Let t(w) = w**2 - 10*w + 10. Let q be t(14). Let g be (-18)/4*(-88)/q. Calculate the highest common factor of 78 and g.
6
Let p = -962 + 1395. Let o = -414 + p. Calculate the greatest common divisor of 893 and o.
19
Let c(m) = 125*m - 874. Let p be c(8). What is the highest common factor of p and 315?
63
Suppose -258*g = -223*g - 7875. What is the greatest common factor of g and 600?
75
Suppose 82*x = -132*x + 101650. Calculate the greatest common divisor of 400 and x.
25
Let f(k) = 49*k**2 + 21*k - 10. Let b be f(-1). What is the greatest common factor of 6282 and b?
18
Let n = -278 - -402. Suppose -107*c = -115*c - 944. Let d = c + n. Calculate the highest common divisor of d and 12.
6
Let q(f) = f**3 - 8*f**2 - 9*f - 20. Let o be q(9). Let k be 44/6*(-30)/o. Calculate the highest common factor of 121 and k.
11
Let s = -45 + 98. Suppose -2*b + 4*b + q - s = 0, b = 4*q + 4. Let v(d) = -189*d - 2067. Let m be v(-11). Calculate the greatest common divisor of m and b.
12
Let l(n) = -22*n - 61. Let d be l(11). Let h = -193 - d. Calculate the greatest common factor of h and 11.
11
Suppose 103*u - 104*u + 103 = 0. Suppose -275 = -6*h + u. Calculate the highest common divisor of 36 and h.
9
Suppose 0 = 5*q - 3*v - 1920, 5*q - 36*v - 1900 = -35*v. Let w = -59 - -122. What is the highest common divisor of q and w?
63
Let d(q) = -2*q + 30. Let z be d(14). Let m(k) = -7*k - k**z + 11 + 4*k + 10*k. Let u be m(0). What is the greatest common factor of 11 and u?
11
Let n = -11 - -35. Suppose 14*q = 17*q + 9. Let o be (16/12*q)/(12/(-9)). What is the highest common factor of n and o?
3
Let j be (-10)/(-3)*(-2070)/(-50). Suppose -6*b + 426 = j. Let h = 50 - 34. What is the greatest common factor of h and b?
16
Suppose -5*z + 3*n = 81 - 610, 3*z - 297 = -5*n. Suppose 0 = -60*l + 56*l - 56, 3*y - 4*l = 6*y - 40. What is the highest common factor of y and z?
8
Let b = -5238 - -5259. Let p = -5 - -3. Let n be (p/6)/(4/(-36)). Calculate the highest common factor of n and b.
3
Let h(n) = 3*n**3 - 13*n**2 - 19*n - 72. Let y be h(8). What is the greatest common factor of 6360 and y?
120
Suppose 0 = 4*o - 47 + 71. Let r be (35/(-10) + 2)*9*o. Let s be (2 - 1)/(3/27). What is the highest common divisor of s and r?
9
Let n = 8600 + -8440. What is the highest common divisor of n and 850?
10
Suppose 0 = 5*x - 121*s + 124*s - 17, 3*x - 5*s = 85. Let c(h) = h**3 - h**2 - 5*h + 2. Let o be c(4). Calculate the highest common divisor of o and x.
10
Let d(i) = 108*i + 100. Let p be d(1). What is the highest common factor of p and 3328?
208
Let z = -214 + 331. Let f = 32331 + -32162. Calculate the greatest common divisor of f and z.
13
Let d(s) = -99*s - 64. Let p be d(-19). Suppose 4*b + 297 = p. Calculate the greatest common factor of 19 and b.
19
Let j be (-15)/(-3) - (2 - 1). Suppose 0 = -2*x + j - 0. Let p(w) = 23*w**3 - 2*w**2 + 2*w - 4. Let b be p(x). What is the greatest common factor of 16 and b?
16
Suppose 3*w = 5*f + 68, 5*w + 5*f - 17 = 83. Suppose 3*x + 22 = 4*l, 43 = 5*l + x + 3*x. Suppose 2*g - w = -l. What is the highest common divisor of g and 7?
7
Let a be -6*(0 + (-11)/2 - -5). Suppose 220 = 2*b + a*b + 2*v, 4*v + 148 = 4*b. Calculate the greatest common factor of b and 224.
14
Let x = 1316 + -1281. Let s(v) = 11*v + 10. Let u be s(-7). Let b be 9/15 + u/(-5). What is the highest common factor of b and x?
7
Let g(n) = 2*n**3 + n**2 + 4*n - 3. Let u be g(2). Let b = 15 + u. Let o = b - 27. Calculate the greatest common factor of 13 and o.
13
Let w(c) = c**3 + 5*c**2 - 17*c - 18. Let o be w(-7). Suppose 2*k - 44 = -0*f + f, 66 = o*k - f. What is the greatest common divisor of 4 and k?
2
Suppose v = 3*v. Suppose v = -3*k - 0*k - 4*l + 21, 0 = k - 4*l + 9. Suppose 10 = -b + k*b. What is the highest common divisor of 15 and b?
5
Let z be (280/(-15) + 1/(-3))*-1. Let r(f) = 29*f + 4 - 13 - z. Let c be r(7). What is the highest common factor of 25 and c?
25
Let d be (-3)/(((-84)/(-231))/(-4)). Calculate the highest common factor of d and 8283.
33
Suppose 6*u + 4*h + 153 = 5*u, 0 = -5*h + 5. Let r = u + 163. Calculate the greatest common divisor of 54 and r.
6
Let b = 23 + 5. Suppose 2*o - 37 + 15 = 0. Suppose i - o = -7. What is the greatest common divisor of i and b?
4
Let h(g) = 5*g**2 - 75*g - 2. Let v be h(13). Let o = v - -165. Calculate the greatest common divisor of o and 198.
33
Suppose 14801 = -32*n + 25169. Calculate the greatest common divisor of 13068 and n.
108
Let x be (28/98 + (-11)/14)*-754. Suppose 0 = 77*l - 71*l - 78. Calculate the highest common factor of x and l.
13
Let h = -209 + 155. Let p be (-1182)/h*2 - 6/(-27). Calculate the highest common factor of 198 and p.
22
Let o(b) = b**3 - 16*b**2 + 24*b - 108. Let r be 18/33 + (-159)/(-11). Let q be o(r). What is the highest common divisor of q and 54?
27
Suppose -89*f - 22*f = -13*f - 15876. Calculate the greatest common divisor of 2079 and f.
27
Let v(c) = 2*c**2 + 7*c + 31. Let q be v(-4). Calculate the highest common factor of 28805 and q.
35
Let p = -20984 - -21587. Calculate the highest common divisor of 1675 and p.
67
Let x(p) = -p**2 + 16*p + 41. Let h be x(18). Suppose -132 = -h*t - t. Let i = -4 + 6. What is the greatest common factor of t and i?
2
Let h(p) = 15*p**2 + 249*p + 146. Let f be h(-33). What is the greatest common factor of f and 8?
8
Suppose 38 = v + 4*a, -4*a = -4*v - 3*a + 67. Suppose -v*o = -27*o + 432. Calculate the highest common divisor of o and 176.
16
Let i be 28 - (-2 + 3 - 3). Suppose -296*j + 655*j = 234*j + 31875. What is the highest common factor of i and j?
15
Suppose -3*x - 3*n = -348, -4*n = -4*x + 553 - 57. Suppose -27645*z - 5472 = -27702*z. What is the highest common factor of z and x?
24
Suppose 2281 + 749 = 10*w. Suppose -8*m + 17 + w = 0. Suppose 3*n - 4 = 2*n, 3*f = -5*n + 110. Calculate the greatest common factor of m and f.
10
Let x(k) = k**2 + 24*k - 40. Let s be x(-15). Let i be (-3)/(2 - s/(-80)). What is the greatest common divisor of 368 and i?
16
Suppose 0*v - 4*v = -5*l - 125, -4*v + 128 = -4*l. Let 